1
What are the prime factors of 14347?
14347
List the prime factors of 126659.
13, 9743
List the prime factors of 8889.
3, 2963
List the prime factors of 65135.
5, 7, 1861
List the prime factors of 4213.
11, 383
What are the prime factors of 2233?
7, 11, 29
What are the prime factors of 16625?
5, 7, 19
What are the prime factors of 54581?
54581
What are the prime factors of 71915?
5, 19, 757
List the prime factors of 720.
2, 3, 5
What are the prime factors of 394?
2, 197
What are the prime factors of 792?
2, 3, 11
What are the prime factors of 4896?
2, 3, 17
List the prime factors of 32519.
31, 1049
What are the prime factors of 509?
509
List the prime factors of 4262.
2, 2131
List the prime factors of 15669.
3, 1741
What are the prime factors of 48319?
211, 229
List the prime factors of 14474.
2, 7237
List the prime factors of 1013.
1013
List the prime factors of 2054.
2, 13, 79
List the prime factors of 7133.
7, 1019
What are the prime factors of 797?
797
What are the prime factors of 18636?
2, 3, 1553
What are the prime factors of 82?
2, 41
What are the prime factors of 3221?
3221
List the prime factors of 4594.
2, 2297
What are the prime factors of 42310?
2, 5, 4231
What are the prime factors of 871?
13, 67
List the prime factors of 7671.
3, 2557
What are the prime factors of 19996?
2, 4999
List the prime factors of 15989.
59, 271
List the prime factors of 119376.
2, 3, 829
List the prime factors of 51962.
2, 25981
What are the prime factors of 1416?
2, 3, 59
What are the prime factors of 7645?
5, 11, 139
What are the prime factors of 4335?
3, 5, 17
List the prime factors of 66.
2, 3, 11
List the prime factors of 413.
7, 59
List the prime factors of 59141.
59141
List the prime factors of 7501.
13, 577
List the prime factors of 933.
3, 311
What are the prime factors of 270?
2, 3, 5
List the prime factors of 103.
103
List the prime factors of 94770.
2, 3, 5, 13
What are the prime factors of 60107?
60107
What are the prime factors of 20827?
59, 353
List the prime factors of 108023.
108023
What are the prime factors of 2545?
5, 509
List the prime factors of 32.
2
List the prime factors of 43164.
2, 3, 11, 109
List the prime factors of 4271.
4271
List the prime factors of 7989.
3, 2663
What are the prime factors of 1925?
5, 7, 11
List the prime factors of 753.
3, 251
List the prime factors of 2005.
5, 401
List the prime factors of 7416.
2, 3, 103
List the prime factors of 66501.
3, 821
What are the prime factors of 58131?
3, 2153
List the prime factors of 15227.
15227
What are the prime factors of 47339?
47339
List the prime factors of 6738.
2, 3, 1123
List the prime factors of 154.
2, 7, 11
What are the prime factors of 513?
3, 19
What are the prime factors of 14058?
2, 3, 11, 71
List the prime factors of 3189.
3, 1063
What are the prime factors of 4627?
7, 661
List the prime factors of 11060.
2, 5, 7, 79
List the prime factors of 17097.
3, 41, 139
What are the prime factors of 7574?
2, 7, 541
List the prime factors of 5069.
37, 137
List the prime factors of 1100.
2, 5, 11
List the prime factors of 5723.
59, 97
List the prime factors of 28382.
2, 23, 617
List the prime factors of 6742.
2, 3371
List the prime factors of 34978.
2, 17489
What are the prime factors of 53114?
2, 26557
What are the prime factors of 1457?
31, 47
What are the prime factors of 8413?
47, 179
What are the prime factors of 80162?
2, 149, 269
List the prime factors of 8634.
2, 3, 1439
What are the prime factors of 82618?
2, 101, 409
List the prime factors of 1102.
2, 19, 29
List the prime factors of 1650.
2, 3, 5, 11
What are the prime factors of 107107?
7, 11, 13, 107
List the prime factors of 63047.
67, 941
What are the prime factors of 440?
2, 5, 11
What are the prime factors of 1355?
5, 271
What are the prime factors of 14758?
2, 47, 157
What are the prime factors of 13192?
2, 17, 97
List the prime factors of 737.
11, 67
What are the prime factors of 500?
2, 5
What are the prime factors of 1088?
2, 17
What are the prime factors of 1200?
2, 3, 5
List the prime factors of 81001.
81001
What are the prime factors of 1331?
11
List the prime factors of 3983.
7, 569
List the prime factors of 7043.
7043
List the prime factors of 14572.
2, 3643
List the prime factors of 8635.
5, 11, 157
What are the prime factors of 10286?
2, 37, 139
List the prime factors of 6010.
2, 5, 601
What are the prime factors of 553?
7, 79
List the prime factors of 51425.
5, 11, 17
List the prime factors of 11082.
2, 3, 1847
List the prime factors of 31569.
3, 17, 619
What are the prime factors of 1086?
2, 3, 181
List the prime factors of 756.
2, 3, 7
List the prime factors of 1436.
2, 359
What are the prime factors of 32368?
2, 7, 17
List the prime factors of 1502.
2, 751
List the prime factors of 15686.
2, 11, 23, 31
What are the prime factors of 138?
2, 3, 23
What are the prime factors of 109072?
2, 17, 401
What are the prime factors of 4995?
3, 5, 37
List the prime factors of 5377.
19, 283
What are the prime factors of 25183?
25183
List the prime factors of 44698.
2, 22349
List the prime factors of 1895.
5, 379
List the prime factors of 153070.
2, 5, 15307
List the prime factors of 6373.
6373
What are the prime factors of 6798?
2, 3, 11, 103
What are the prime factors of 19743?
3, 6581
List the prime factors of 114649.
114649
List the prime factors of 1274.
2, 7, 13
List the prime factors of 1810.
2, 5, 181
What are the prime factors of 5903?
5903
List the prime factors of 13940.
2, 5, 17, 41
List the prime factors of 352.
2, 11
What are the prime factors of 5154?
2, 3, 859
List the prime factors of 2962.
2, 1481
List the prime factors of 122996.
2, 97, 317
What are the prime factors of 1173?
3, 17, 23
What are the prime factors of 125?
5
List the prime factors of 134753.
134753
What are the prime factors of 43874?
2, 21937
List the prime factors of 1502.
2, 751
List the prime factors of 12725.
5, 509
What are the prime factors of 34795?
5, 6959
What are the prime factors of 948?
2, 3, 79
What are the prime factors of 9507?
3, 3169
What are the prime factors of 56266?
2, 7, 4019
What are the prime factors of 563?
563
List the prime factors of 5664.
2, 3, 59
List the prime factors of 21669.
3, 31, 233
What are the prime factors of 77722?
2, 38861
What are the prime factors of 72102?
2, 3, 61, 197
List the prime factors of 32921.
7, 4703
What are the prime factors of 67450?
2, 5, 19, 71
What are the prime factors of 7075?
5, 283
What are the prime factors of 62611?
17, 29, 127
List the prime factors of 81839.
81839
List the prime factors of 63145.
5, 73, 173
List the prime factors of 7277.
19, 383
List the prime factors of 4390.
2, 5, 439
List the prime factors of 15660.
2, 3, 5, 29
List the prime factors of 95.
5, 19
List the prime factors of 305.
5, 61
What are the prime factors of 6926?
2, 3463
List the prime factors of 5138.
2, 7, 367
List the prime factors of 1430.
2, 5, 11, 13
What are the prime factors of 112514?
2, 101, 557
List the prime factors of 76038.
2, 3, 19, 23, 29
What are the prime factors of 5485?
5, 1097
What are the prime factors of 184555?
5, 7, 5273
List the prime factors of 6814.
2, 3407
List the prime factors of 1695.
3, 5, 113
List the prime factors of 67268.
2, 67, 251
List the prime factors of 7759.
7759
What are the prime factors of 115874?
2, 11, 23, 229
What are the prime factors of 134753?
134753
What are the prime factors of 217?
7, 31
What are the prime factors of 156282?
2, 3, 7, 61
What are the prime factors of 1377?
3, 17
What are the prime factors of 24019?
24019
What are the prime factors of 13911?
3, 4637
List the prime factors of 76623.
3, 25541
What are the prime factors of 1034?
2, 11, 47
List the prime factors of 118099.
17, 6947
What are the prime factors of 4297?
4297
List the prime factors of 5466.
2, 3, 911
List the prime factors of 1393.
7, 199
List the prime factors of 5783.
5783
List the prime factors of 18358.
2, 67, 137
List the prime factors of 1435.
5, 7, 41
List the prime factors of 152106.
2, 3, 101, 251
List the prime factors of 3455.
5, 691
List the prime factors of 6142.
2, 37, 83
List the prime factors of 7779.
3, 2593
What are the prime factors of 3087?
3, 7
What are the prime factors of 16541?
7, 17, 139
What are the prime factors of